e
Is 1200613753 prime?
True
Is 41112740243 prime?
True
Is 10376909201 prime?
True
Is 39652048351 composite?
False
Is 24989243 a prime number?
True
Is 1071246899 a composite number?
False
Is 12790132271 a composite number?
True
Is 1225542707 a composite number?
True
Is 171503581 a composite number?
True
Is 460605841 composite?
True
Is 25632819133 composite?
True
Is 9916237777 prime?
True
Is 90577728155 composite?
True
Is 18861357797 a composite number?
True
Is 23589973562 a composite number?
True
Is 1321221469 composite?
True
Is 5730622607 a prime number?
True
Is 4182624167 a prime number?
False
Is 1445267647 composite?
True
Is 42281659867 prime?
False
Is 172971276927 prime?
False
Is 57736039 a composite number?
True
Is 2465796019 prime?
False
Is 4986818873 composite?
False
Is 302028799 a composite number?
False
Is 12974902327 a composite number?
False
Is 2892567605 a composite number?
True
Is 1880352067 composite?
True
Is 110226037 prime?
True
Is 77835660857 a composite number?
False
Is 635351879 a prime number?
False
Is 951363983 composite?
False
Is 5572945311 a prime number?
False
Is 354913927 prime?
True
Is 4669393249 a composite number?
False
Is 7118091031 a composite number?
True
Is 3392360891 composite?
False
Is 408664481 prime?
False
Is 100823707573 prime?
True
Is 1093675483 composite?
False
Is 12821232707 composite?
True
Is 12391706611 prime?
False
Is 1846677863 composite?
True
Is 685875679 prime?
False
Is 7943565761 a composite number?
True
Is 12040837 a composite number?
True
Is 1593897557 prime?
False
Is 44229412041 a prime number?
False
Is 397023917 a prime number?
True
Is 585251591 a composite number?
False
Is 376507169 prime?
True
Is 3642619609 prime?
False
Is 250779583 a prime number?
True
Is 672208547 a prime number?
False
Is 3036067843 a prime number?
False
Is 240462463 prime?
False
Is 376386077 prime?
True
Is 1995541697 prime?
True
Is 104931713 a prime number?
False
Is 11150749018 composite?
True
Is 1373645374 prime?
False
Is 29551332623 prime?
False
Is 128088161323 a composite number?
False
Is 2425641611 prime?
True
Is 34702889303 a prime number?
False
Is 117363821 composite?
False
Is 11096266277 a composite number?
False
Is 62205520357 a prime number?
True
Is 1064540411 a prime number?
False
Is 98895147367 a prime number?
False
Is 285783151279 a prime number?
False
Is 2562717061 prime?
True
Is 585520171 a composite number?
True
Is 14317606063 prime?
True
Is 648079609 a composite number?
False
Is 328430653 composite?
False
Is 375473869 a composite number?
False
Is 5143536815 a prime number?
False
Is 34409996669 prime?
True
Is 82953151607 prime?
False
Is 19803098842 a composite number?
True
Is 9449092379 prime?
True
Is 5728011247 composite?
True
Is 2334274259 prime?
True
Is 4788257297 a composite number?
True
Is 51590056169 composite?
False
Is 11459138729 prime?
False
Is 35924894183 prime?
False
Is 60130215791 a prime number?
True
Is 3820295293 a composite number?
False
Is 71887639 a composite number?
False
Is 1371864631 prime?
False
Is 12120920893 a composite number?
False
Is 143089048073 composite?
False
Is 32298906389 a composite number?
False
Is 220903470589 prime?
True
Is 288531791 prime?
True
Is 974415989 composite?
False
Is 94078985509 prime?
True
Is 1251709913 a composite number?
True
Is 23561793061 a prime number?
False
Is 121174042673 composite?
True
Is 2842054681 composite?
True
Is 827889107 a prime number?
True
Is 35324379257 a prime number?
False
Is 898584721 a composite number?
True
Is 14897326921 composite?
True
Is 823266137 prime?
True
Is 41379440581 prime?
True
Is 507600199 composite?
False
Is 65459076347 composite?
True
Is 127900429 prime?
True
Is 441031111 a composite number?
False
Is 3463496327 composite?
False
Is 63019402799 a composite number?
True
Is 2343057161 a prime number?
False
Is 74987064017 prime?
True
Is 397402877 a prime number?
False
Is 1785969473 a prime number?
True
Is 2624164481 prime?
True
Is 26855571461 composite?
True
Is 3290636309 prime?
True
Is 12698422091 prime?
False
Is 485472271 composite?
False
Is 833923127 prime?
True
Is 188639741 prime?
True
Is 7412663507 prime?
True
Is 25745914169 prime?
True
Is 9829706273 composite?
False
Is 36453600614 a composite number?
True
Is 10216159231 composite?
True
Is 54730073 composite?
False
Is 336769673 a prime number?
True
Is 35040080461 a composite number?
False
Is 4735539811 prime?
False
Is 3105569533 composite?
True
Is 98816897 a composite number?
False
Is 2300381477 composite?
False
Is 365498407 a prime number?
False
Is 145659097049 a composite number?
False
Is 30728709587 prime?
False
Is 338762497 a prime number?
True
Is 1061218667 a prime number?
True
Is 20811675359 composite?
True
Is 139671913027 prime?
False
Is 9526347967 a composite number?
False
Is 360409061 prime?
False
Is 41209419343 prime?
True
Is 273553495 a composite number?
True
Is 1211923339 a composite number?
True
Is 409583045 prime?
False
Is 61470612233 prime?
True
Is 4358160577 prime?
False
Is 8797858919 a prime number?
True
Is 5339615363 prime?
True
Is 1472661637 a composite number?
False
Is 2293952041 a prime number?
False
Is 643936087 prime?
False
Is 133037183469 prime?
False
Is 646098998 a composite number?
True
Is 164656649 composite?
False
Is 426241633 a prime number?
True
Is 2973515689 prime?
False
Is 17401439621 a composite number?
False
Is 24400851963 a composite number?
True
Is 426304357 composite?
False
Is 113059873 composite?
False
Is 121800071 prime?
False
Is 392848021 a prime number?
True
Is 296136193 a prime number?
True
Is 192060713557 composite?
False
Is 234051554171 composite?
False
Is 1893925699 a prime number?
True
Is 9705431993 composite?
False
Is 7305488909 prime?
True
Is 50393240621 a composite number?
False
Is 1917812257 a prime number?
True
Is 355399211 prime?
True
Is 6311952733 composite?
False
Is 15292198529 composite?
True
Is 2213848843 a prime number?
True
Is 57306996997 composite?
False
Is 47869616567 a prime number?
True
Is 284243017 prime?
True
Is 712814189 a prime number?
True
Is 21114789727 a prime number?
False
Is 11603759813 prime?
False
Is 7620035087 composite?
True
Is 594745639 a composite number?
False
Is 411126887 a composite number?
False
Is 1423519717 prime?
False
Is 887226283 a composite number?
False
Is 167844907 composite?
False
Is 9683329867 composite?
False
Is 38727071335 a prime number?
False
Is 276978367 a prime number?
False
Is 16924506019 composite?
True
Is 3300780881 composite?
False
Is 671768011 a prime number?
True
Is 29949884977 composite?
False
Is 16050075761 a composite number?
False
Is 635721082 a prime number?
False
Is 2099492753 a composite number?
True
Is 621791713 a composite number?
True
Is 33629043433 composite?
True
Is 2798145953 composite?
False
Is 1851805603 a prime number?
False
Is 4277110637 a prime number?
True
Is 3705830083 composite?
True
Is 50752394713 a prime number?
False
Is 89782233557 a composite number?
False
Is 1605629029 composite?
True
Is 46707591257 prime?
True
Is 1679017003 prime?
True
Is 303156033 composite?
True
Is 1112185979 a prime number?
True
Is 20368931566 a prime number?
False
Is 468993179 a prime number?
True
Is 28820939453 prime?
False
Is 1263584129 a prime number?
False
Is 75739329643 a prime number?
False
Is 605036167 a composite number?
False
Is 1406804419 a prime number?
True
Is 165235583 composite?
True
Is 7215405971 a prime number?
False
Is 81524568341 composite?
True
Is 26156486743 a composite number?
True
Is 1684734721 a composite number?
False
Is 79292721617 a prime number?
True
Is 46282649653 prime?
True
Is 144800119 prime?
False
Is 943486267 composite?
True
Is 19701287 a prime number?
True
Is 63707139581 composite?
False
Is 220145399449 a prime number?
False
Is 6209413255 prime?
False
Is 1058440079 composite?
True
Is 19801390613 a composite number?
True
Is 127684589 a composite number?
False
Is 9204825813 composite?
True
Is 2922612257 composite?
True
Is 12869320073 a prime number?
True
Is 9683233783 composite?
True
Is 32556986051 composite?
False
Is 150424459 composite?
False
Is 2443726541 prime?
False
Is 357647399 prime?
False
Is 141400762586 a composite number?
True
Is 250737761 a composite number?
False
Is 11693283137 prime?
False
Is 1667361403 a composite number?
Fa